q - 21 = -f*t. Suppose -t*d = -2*d - 655. What is the units digit of d?
1
Let w(h) = 16*h**2 + 7*h + 11209. What is the thousands digit of w(0)?
1
Suppose -2*a + 3*a = 98. Let z = -99 + a. What is the tens digit of (93/6)/(z*(-1)/4)?
6
Suppose 193*k - 5340448 - 2490334 = 0. What is the ten thousands digit of k?
4
Let w = 984 - 974. What is the units digit of 5/(w/(-8)) - (-1355 - 54)?
5
Let m(y) = -y - 1. Let z(x) = 18*x + 10. Let a(r) = -80*m(r) - 5*z(r). Let k be a(5). What is the units digit of 9*13 - (-10)/(k/6)?
4
Let y be (-3 - -1)*1*60/(-8). Suppose 2301 = 4*l + 3*u, 117*u + y = 122*u. What is the hundreds digit of l?
5
Suppose 936 = 82*a - 95*a. What is the units digit of (-3684)/a - 5/30?
1
What is the hundreds digit of 6/63*98/21 - 293456/(-36)?
1
Suppose 0*k = 4*k - 16. Suppose 2*t - 412 = -k*v, -3*t + 836 = t + 5*v. Suppose -2*p - 115 = -5*f + t, p = 3*f - 198. What is the units digit of f?
7
Let x(o) = -o**3 + 8*o**2 - 12*o + 7. Let v be x(6). Suppose -v*q + 16486 = 3060. What is the units digit of q?
8
Let a(t) = -249*t + 569. What is the units digit of a(-19)?
0
Let w(s) = 5*s - 77. Let d be w(16). Let o(m) be the third derivative of m**5/10 - m**4/8 + m**3/6 - m**2. What is the tens digit of o(d)?
4
Let f(w) = 3*w**2 + 12*w - 94. Let a be f(-8). Suppose -4*z + 1474 = a*l, -6*l + 7*l - 1850 = -5*z. What is the tens digit of z?
7
Suppose 225 = -i - 2*i. What is the tens digit of 291/2*(-250)/i?
8
Suppose 43*g = 85497 + 277724. What is the tens digit of g?
4
Let b(r) = r**3 + 56*r**2 - 341*r + 120. What is the tens digit of b(-57)?
0
Suppose -30*t = -21*t - 42417. What is the tens digit of t?
1
Let d(r) = -3*r**2 + 3*r - 6. Let z be d(3). Let v = -24 - z. Suppose 4*w - 62 - 26 = v. What is the tens digit of w?
2
Suppose -12*x = 11132 - 46220. What is the thousands digit of x?
2
Suppose 50*h - 183844 = -30*h - 2*h. What is the hundreds digit of h?
2
Suppose a + 5 = 3, n = 3*a - 19. What is the hundreds digit of ((-760)/n)/((-2)/(-60)*3)?
3
Let x(l) be the first derivative of -409*l**2/2 + 14*l - 63. What is the tens digit of x(-1)?
2
Suppose 0 = 4*y - 3646 + 90. Let q = -418 + y. What is the tens digit of q?
7
Let h(n) = -3*n - 3. Let p be h(-4). Let f be ((-3)/p)/((-3)/81). Let s(i) = i**2 + 2*i - 23. What is the tens digit of s(f)?
7
Suppose -4*w + 3*h = 3041, 4*w + 5*h - 550 = -3567. Let j = 1273 + w. What is the tens digit of j?
1
Let s(w) = -w**2 - 47*w + 56. Let k(b) = -b**3 + 7*b**2 - 10*b + 107. Let v be k(8). What is the units digit of s(v)?
6
Suppose -8379 = 11*q - 46111 - 24924. What is the hundreds digit of q?
6
Let p = 197 - 196. What is the units digit of 135/((-3)/(-18) - p/(-6))?
5
What is the tens digit of 3 - -4 - 17*(2 + -750)?
2
Let a be 13/(-39) - (-10)/3. Suppose -j - 2 = 2, a*j = 2*r + 292. Let x = r - -359. What is the units digit of x?
7
Let q(c) = 0*c - 2*c + 28 + 20*c - 3*c. Let i be q(-7). Let y = -2 - i. What is the units digit of y?
5
Let r(i) = 9 - 28 - 3*i - 2*i - 46. Let t be r(-13). Suppose -2*h - 3*h + 385 = t. What is the tens digit of h?
7
Suppose -u + 1 = o, u + 4*o = -2*u + 2. Let c(l) = -7756 + 7752 - 3*l**3 + 17*l**3 + 5*l + 0*l. What is the hundreds digit of c(u)?
1
Suppose 0 = 2*h - 6 - 8. What is the units digit of (h/21)/((-2)/(-7668))?
8
Let p be ((-42)/(-70))/((-3)/(-25)). Suppose i + b = 608, p*b = i - 351 - 287. What is the tens digit of i?
1
Let y be (883 - 7)*4/(-6). Let d = 994 + y. What is the units digit of d?
0
Suppose 0 = -53*j + 98 + 167. What is the units digit of 299144/305 + 1 + (-9)/j?
0
Let o(z) be the third derivative of 29*z**5/60 + 7*z**4/24 + 10*z**3 - 105*z**2. What is the tens digit of o(-7)?
3
Suppose -4*d - 7*l + 6680 = -3*l, -10 = -2*l. Let w be (-42)/14*(-28)/6. Suppose -5*o = -w*o + d. What is the tens digit of o?
8
Let n(y) = -362*y**3 + 2*y**2 - 1. Suppose -1 = -8*c - 9. Let i be n(c). Suppose -7*x + i = -4*x. What is the tens digit of x?
2
Suppose 122*j - 1694257 = -520861. What is the thousands digit of j?
9
Let q(i) = -i**3 - 30*i**2 - 55*i - 45. Suppose 5*n = -3*o + 6*o - 145, -2*n - 58 = o. What is the tens digit of q(n)?
0
Let u(p) = p**3 - 18*p**2 - 41*p + 22. Let t be u(20). Suppose -t*m + 4*z + 878 = 0, -2*m - z + 6*z = -883. What is the tens digit of m?
2
Let x(h) = -3*h + 28. Suppose 4*k + 2*p = p + 63, 54 = 2*k - 4*p. Let i be x(k). Let d = i - -114. What is the units digit of d?
1
Suppose -i = -4*h + 35809, 26860 = -6*h + 9*h - 4*i. What is the thousands digit of h?
8
Let b(z) = z**2 - 5*z - 8. Let a be b(8). Let t = 57 - a. What is the units digit of t?
1
Suppose -44814 = -6*l - 5*u, -3*l - 20*u + 22410 = -17*u. What is the units digit of l?
4
Let f(l) be the third derivative of -l**5/60 - 9*l**4/8 - 10*l**3/3 + 236*l**2. Let n = -35 - -20. What is the units digit of f(n)?
0
Let r(m) = -404*m + 827. What is the thousands digit of r(-8)?
4
Suppose 7*k = k. Suppose 0 = -5*j - t - k*t + 3, -5*j + 2*t - 6 = 0. Suppose 4*o = -0*o - 12, r - o - 42 = j. What is the units digit of r?
9
Suppose -4*x - 4*r = -5 - 7, -2*r + 2 = 0. Suppose 2*h = -4*w + 1428, -2*w + 566 + 142 = -x*h. What is the tens digit of w?
5
Let x = -458 - -461. Suppose -50*s = -48*s - x*n - 274, 0 = -n + 2. What is the tens digit of s?
4
Suppose 164427 = 104*u - 81*u. What is the hundreds digit of u?
1
Let d(z) = -168*z**3 + 14*z**2 + 33*z + 89. What is the ten thousands digit of d(-6)?
3
What is the ten thousands digit of (-29 - 109)/(4/(-898))?
3
Suppose -4*a + 2*a + 96 = -2*r, -4*a + 195 = -5*r. Let k be (18/a)/(1*1/(-25)). What is the tens digit of (8/k)/1*5 + 17?
1
Let y = 3 - 5. Let f(k) = -k**2 - 4*k + 66. Let r be f(-14). What is the tens digit of 0 + y - 0 - r?
7
Let g(m) = m + 219. Let a(x) = x + 217. Let q(n) = 4*a(n) - 3*g(n). What is the units digit of q(-29)?
2
Suppose 2412 - 964 = 5*g - m, 2*g + 3*m - 586 = 0. Let y = g + -145. What is the hundreds digit of y?
1
Let g(c) = -27*c - 185. Let b be g(-7). Let l(n) = 277*n - 121. What is the hundreds digit of l(b)?
9
Let m(u) = -u**3 + 8*u**2 - 10. Let q be m(6). Suppose 2*o + 0 - q = 0. Let t = 15 + o. What is the tens digit of t?
4
Suppose -15*y - 675191 = 7*y - 33*y. What is the thousands digit of y?
1
Let c = 66 + -145. Let d = 241 - c. What is the tens digit of d?
2
Let t(n) = 2*n**2 + 44*n + 78. Let p be 412/(-14) + (-273)/49 + 6. What is the units digit of t(p)?
4
Suppose -6*u = -8*u + 10. Let m be (-15 + u)*((-8)/(-5))/4. Let d(q) = -8*q - 11. What is the tens digit of d(m)?
2
Let k = 594 - -267. Suppose -k - 721 = -2*b. What is the hundreds digit of b?
7
Let k = 21522 + -13010. Suppose -22*h + k = -6*h. What is the tens digit of h?
3
Let q be (2/(20/5))/((-3)/(-12)). Suppose -q*w - 19*i = -15*i - 840, -4*w - 2*i + 1662 = 0. What is the hundreds digit of w?
4
Suppose 4*y + 4*v - 872 = 2*v, 3*y = 5*v + 641. Let d be (1788/20 - -2)/((-3)/(-15)). Let f = d - y. What is the tens digit of f?
4
Let o(w) = 11*w + 29. Let z be o(-3). Let j be (-556)/z*(-5 - -3). Let q = j + 548. What is the hundreds digit of q?
2
What is the tens digit of (27868/6*(-18)/24)/(17/(-34))?
6
Let q = -394 + 848. Let x = -290 + q. What is the hundreds digit of x?
1
Suppose 2*j = 4*p - 2354, -2*p - j + 1173 = 2*j. Suppose -8*k = -q - 4*k + 291, -2*q + p = -2*k. Suppose -87*h + 82*h + q = 0. What is the units digit of h?
9
Suppose -1 = -7*n + 34. Suppose r + n = 6*r. What is the hundreds digit of (-1)/((-167)/(-684) + r/(-4))?
1
Let t be (-324)/21 - -15 - (-18917)/7. Suppose 3*f - 4256 = 2*o - 217, -2*f = o - t. What is the hundreds digit of f?
3
Let p(g) = -5*g + 9. Let k be p(6). Let q = -24 - k. What is the units digit of (q - -2)*(-2)/2 - -74?
5
Let m be (-20 - -24)*(673/4 + 1). Let o = 986 - m. Suppose -4*a = -4*y + 412, 7*y + 5*a = 4*y + o. What is the hundreds digit of y?
1
Suppose -2*y - 4*g = y + 12, -4*g = -2*y + 12. Suppose y*u + u + 5 = 3*d, d - 2 = 0. What is the tens digit of (12/4 - 2*u)*92?
9
Let l = -2904 - -5462. What is the tens digit of (-1 - l/(-3)) + 3/9?
5
Suppose -2*a - 7 = -5*s + 16, 5*s - 35 = 5*a. Suppose 4*o - s*p + 15 = 0, -2 = -5*p + 3*p. Let g(h) = -h**3 - 3*h**2 + 5. What is the units digit of g(o)?
5
Let u = 44552 + -25031. What is the ten thousands digit of u?
1
What is the thousands digit of 12 - -52*(-759)/(